s the tens digit of y?
6
Suppose -u + 0 = -9. Suppose -2*s + 0*s = a - u, 2*a = s + 28. What is the units digit of a?
3
Suppose 4*u = 3*u + 19. Suppose 3*n = 4*n - u. What is the units digit of n?
9
Let b(h) = -h**3 + h**2 + h + 9. Let k be 1 - (1 - -2) - -7. Suppose 2*f = -0*f + k*t + 10, -f - 2*t - 4 = 0. What is the units digit of b(f)?
9
Let m = -5 + 8. Let a(d) = d**3 - 4*d**2 + 2*d + 4. Let h be a(m). What is the units digit of ((-2 - -2) + 1)/h?
1
Let c = -26 + 31. Suppose -5*w - 13 = -c*h + 212, -20 = 4*w. What is the tens digit of h?
4
Suppose g = 2*g. Let p = g - -15. What is the tens digit of p?
1
Suppose x - 5*c + 5 = -8, 0 = -2*c + 6. Let u be (-18)/(-2) + -1 + 4. Suppose j - u = -x*j. What is the units digit of j?
4
What is the tens digit of -2 - (0 - 16/1)?
1
Let m = 81 + -45. What is the tens digit of m?
3
Let l(h) = -h - 27. Let f be l(-13). Let s be 4/f - (-72)/56. Suppose -q = 2, g = -2*q - q - s. What is the units digit of g?
5
Suppose -5*b = -5*t + 15, -16 = -4*b + b - 2*t. Suppose b*x + x - 4*w - 39 = 0, 2*x - w = 31. What is the tens digit of x?
1
Let l = 39 + -25. What is the units digit of l?
4
What is the tens digit of (3/6*1)/(6/2496)?
0
Let b(j) = -5*j**2 - 5*j - 15. Let l be b(-10). What is the units digit of 4/(-18) + l/(-27)?
7
Let x = -7 - -1. Let h = x + 21. What is the tens digit of h?
1
Let c = -5 + 1. Let g(h) = -h**3 - 6*h**2 + h + 7. Let t be g(-5). Let q = c - t. What is the units digit of q?
9
Let s(j) = -j**3 + 3*j**2 + j + 1. Let w be s(2). Let l(p) = -7*p + 3 - 6*p**2 + 0 + 3 - 1 + p**3. What is the units digit of l(w)?
5
Suppose -34 - 6 = -5*n. Let y(b) = -b**3 - 5*b**2 - 6*b - 5. Let o be y(-4). Suppose -o*x = x - n. What is the units digit of x?
2
Let y(m) = -m**3 + m. Let j(z) = -5*z**3 + 7*z**2 + 9*z - 11. Let q(b) = -j(b) + 4*y(b). What is the tens digit of q(8)?
3
Let l be (-4 + -1)*(-34 + 2). What is the units digit of 9/2*l/48?
5
What is the units digit of 121*1 - -1 - 3/(-1)?
5
Let t(z) = z**3 - 4*z**2 + 4*z + 3. What is the tens digit of t(4)?
1
Let t(q) = -14*q + q**2 + 15*q + 7*q**2. What is the units digit of t(1)?
9
Let l(p) = p**2 + 4*p + 4. Let r(t) = 2*t**2 + 7*t + 7. Let n(s) = 11*l(s) - 6*r(s). Let h be n(2). Suppose d - 2*d + h = 0. What is the units digit of d?
2
Suppose -4*o = -2*o - 34. Suppose -2*c - 119 = -5*g - 0*c, 0 = 5*g + 5*c - 140. Let q = g - o. What is the units digit of q?
8
Let t(h) = -6*h - 5. Let y = -12 + 10. What is the units digit of t(y)?
7
Let x(y) = -2*y**3 - 6 + 27*y**3 + 3*y + 4 + 7*y**3. What is the tens digit of x(1)?
3
Suppose -4*v + 0*v + 12 = 0. What is the units digit of v?
3
Let r(n) = n**2 - 3*n. Let z = -6 - -10. What is the units digit of r(z)?
4
Suppose 0 = -2*g - 6 + 78. Suppose 5*z = -3*u + 23, 2*u - u - 4*z = g. What is the tens digit of u?
1
Let y(s) = 5*s + 2. What is the tens digit of y(10)?
5
Let z = 135 + -70. What is the tens digit of z?
6
Let s(x) = -x**3 - 2 - 23*x**2 + 8*x + 0*x**3 + 0*x**3 + 18*x**2. What is the tens digit of s(-7)?
4
Suppose 2*r - 3*u + 0*u = 376, -4*r = 5*u - 796. What is the units digit of r?
4
Let o(a) = 3*a - 6. Let m be o(4). Suppose 5*c - 2*c - m = 0. What is the units digit of 0 + (1 - c) + 4?
3
Let a be 1/(-5) - (-80)/25. Let r = 4 - a. What is the units digit of r?
1
Suppose 0 = -4*u + 12 - 0. Suppose -18 = -u*i + 3. What is the units digit of (i/(-4))/(1/(-4))?
7
Suppose 717 = 3*t - 2*f, 3*t + 2*f - 702 = -f. What is the tens digit of t?
3
What is the units digit of 0 + (37 - -1 - -3)?
1
Let q = 27 + -13. Let x = 34 - q. What is the tens digit of x?
2
Let u = 9 + -19. Let w = u - -22. What is the units digit of w?
2
Suppose -4*m + 12 = -8. Suppose -s = -m*f + 178, -4 = 4*s - 12. What is the units digit of f?
6
Let n(u) = -u**3 + u**2 - 6. Let i be n(0). Let r = i + 19. What is the tens digit of r?
1
Let f = -6 - -4. Let o be 10/f*8/(-20). Suppose 0 = o*x - 7*x + 20. What is the units digit of x?
4
Suppose 135 = -5*q - 75. Let n be ((-6)/(-7))/((-2)/q). Suppose 3*c = 2*f + 18, 3*c - 2*f = -3*f + n. What is the units digit of c?
6
Let f(d) = 6*d**2 - d. Let g be 3*(-2)/6*-1. What is the units digit of f(g)?
5
Suppose 5*q + 5*w = 80, 2*w = -2*q + w + 34. Suppose 0 = -2*h - h + q. Suppose 5*i + 2 = -k + i, 0 = -2*i - h. What is the tens digit of k?
1
Let o(z) = -z**2 + 3*z + 4. Let h be o(3). Let i(x) = x**3 - 2*x**2 + 20. Let r be i(0). Suppose q - r = -h*q. What is the units digit of q?
4
Suppose 0 = -5*v + v + 16. Let k(x) = v*x - 4*x + x + 5. What is the units digit of k(0)?
5
Suppose 0 = -j - 17 + 98. What is the units digit of j?
1
Let x(k) = k - 2. Let c be x(5). What is the units digit of (26 - c) + 1 + -1?
3
Let v be (-3 + 2)*(3 + -5). Suppose 4*c = v*c + 50. What is the units digit of c?
5
Let l = 373 + -264. Let y = 77 - l. Let o = -23 - y. What is the units digit of o?
9
Let f = -11 - -16. Suppose n - 3*d - 8 = 19, 0 = f*n - 5*d - 165. What is the tens digit of n?
3
Suppose -w + 3 = s, -4*w + s - 2*s + 12 = 0. Let j be 1/(2*w/24). Let k(g) = -g**3 + 4*g**2 + 5*g - 6. What is the units digit of k(j)?
4
Let q = -4 + 7. Suppose -q*x = 2*x + 20. What is the units digit of (-3)/6 - 38/x?
9
Suppose -3*v = 2*v - 10. Let s = 1 + v. What is the units digit of s?
3
Let h(z) = -z**3 - z**2 + z. Let o be h(1). What is the units digit of o + -2 - 3*-6?
5
Let s = 124 + -66. Let z = -29 + s. Suppose i = 2*y - 7*y + 22, -5*i = -2*y - z. What is the units digit of i?
7
Suppose -5*c - 4 = -2*a + 23, a + 5*c + 9 = 0. Let u(k) = -k**2 + 8*k + 2. What is the units digit of u(a)?
4
Suppose 2*x = -5*f + 412, 0 = -4*f + 3*x - 4*x + 332. What is the tens digit of f?
8
Let h = -86 - -154. What is the tens digit of h?
6
Suppose 3*h - 2*h - 2 = 0. Let f be h/(((-9)/(-6))/3). What is the units digit of 15/12*f*2?
0
Suppose 0 = -2*s + 3*s - 15. What is the tens digit of s?
1
What is the tens digit of 68/(-16)*(-67 + -1)?
8
Let y = 46 - 25. What is the units digit of y?
1
Suppose 3*s - 2*f + f = 25, -s + 3 = 5*f. Suppose -k + s = k. What is the units digit of k?
4
Let b(k) = -29*k + 41. What is the hundreds digit of b(-4)?
1
Suppose y + 3 = 2, 5*y - 5 = -2*a. Let m(q) = 3*q + 5. What is the tens digit of m(a)?
2
Let k(f) = -10*f + 7. What is the units digit of k(-3)?
7
Suppose -13 = u - 3*f - 0*f, 4*u + 12 = 4*f. Suppose -w = -u*i + w + 14, 4*i - 49 = -3*w. What is the tens digit of i?
1
What is the units digit of (12/3)/(5/25)?
0
Let t(g) = 3*g**3 + 3*g**2 - 3*g - 4. What is the units digit of t(3)?
5
Suppose 4*l - 2 = -5*x + 3, 4*l - 4*x = 32. Let u(f) = -l + 0 - 9*f**2 - 2 + f**3 + 9*f. What is the units digit of u(8)?
1
Let n = 229 + -127. What is the units digit of n?
2
Suppose 4*g = p - 0*p + 26, -5*p + 20 = 5*g. What is the units digit of g?
6
Suppose -4*j = 2*m - 2*j - 54, 0 = 2*m - 5*j - 54. What is the tens digit of m?
2
Let n be 1 - ((-1 - -2) + 0). Suppose -10 = -n*z - 2*z. Suppose -63 = -3*b - 4*s, -b + s = z*s - 29. What is the tens digit of b?
1
Let u be (-5 - -2)/(3/(-5)). Suppose u*s = 75 - 10. What is the tens digit of s?
1
Suppose 0*i - i + 31 = 0. Suppose -4*x = -0*j + 5*j - 64, 3*j - i = 5*x. What is the tens digit of j?
1
Let h be (-39)/9 - (-1)/3. Let q = h + 54. Suppose 3*t + 15 = 0, -5*m = -0*m - 3*t - q. What is the units digit of m?
7
Suppose 35 = 3*j + 2*t - 47, 5*t + 71 = 4*j. What is the units digit of j?
4
Suppose 0 = -3*c + 2*p + 357, 2*c + 5*p - 219 = -0*p. What is the units digit of c?
7
Suppose 3*v + 21 = 9. Let h(p) = p**3 + 5*p**2 + 4*p + 1. Let u be h(v). What is the units digit of 10 + -1 - (u - -1)?
7
Let d(j) = 2*j**3 + j**2 - 2*j + 1. Let l be d(1). Suppose -y - 5*r = -18, -l*y + r = -1 - 2. What is the units digit of y?
3
Suppose i - 47 = -2*u, -2*u - 2*i - 3*i = -59. Suppose 5*t - 18 - u = 0. What is the units digit of (18/8)/(2/t)?
9
Suppose -4 = k - 64. What is the units digit of k?
0
Let r be (6/9)/(2/6). Suppose 0*z = -2*z. Suppose 8 = -z*h + r*h. What is the units digit of h?
4
Suppose 0 = -10*o + 7*o + 459. Suppose -5*f = -o + 23. What is the units digit of f?
6
Suppose 51 = -7*i + 555. What is the units digit of i?
2
Let q(m) = m**2 + 5*m - 2. Let b be q(-6). Let r(z) = 2*z - 3. Let y be r(b). Suppose -4*j = -65 + y. What is the units digit of j?
5
What is the tens digit o